{"id":24155,"date":"2021-02-11T12:15:51","date_gmt":"2021-02-11T11:15:51","guid":{"rendered":"https:\/\/www.paulinaschulz.com\/property\/apartamento-planta-media-en-los-pacos-2\/"},"modified":"2024-03-08T12:42:36","modified_gmt":"2024-03-08T11:42:36","slug":"apartamento-planta-media-en-los-pacos-2","status":"publish","type":"property","link":"https:\/\/iconestate.es\/es\/property\/apartamento-planta-media-en-los-pacos-2\/","title":{"rendered":"Apartamento Planta Media en Los Pacos"},"content":{"rendered":"<p>En la parte baja de Los Pacos, lindo departamento de un dormitorio con estacionamiento privado. Comunidad bien mantenida con piscina y zona verde. Este luminoso apartamento en el 3er piso consta de un sal\u00f3n con cocina abierta, un ba\u00f1o y una terraza donde poder disfrutar del sol de la tarde. Vistas urbanas y al mar. Aire acondicionado en el living.<br \/>\nEquipamiento: vitrocer\u00e1mica, frigor\u00edfico-congelador, microondas, termo el\u00e9ctrico para agua caliente.<\/p>\n<p>Alquiler: 700 \u20ac \/ mes + luz (agua incluida)<br \/>\nReserva \/ Fianza: 700 \u20ac<\/p>\n","protected":false},"excerpt":{"rendered":"<p>En la parte baja de Los Pacos, lindo departamento de un dormitorio con estacionamiento privado. Comunidad bien mantenida con piscina y zona verde. Este luminoso apartamento en el 3er piso consta de un sal\u00f3n con cocina abierta, un ba\u00f1o y una terraza donde poder disfrutar del sol de la tarde. Vistas urbanas y al mar. [&hellip;]<\/p>\n","protected":false},"author":4,"featured_media":22074,"parent":0,"menu_order":0,"template":"","property_type":[],"property_status":[266],"property_feature":[226],"property_label":[275],"property_area":[],"class_list":["post-24155","property","type-property","status-publish","has-post-thumbnail","hentry","property_status-en-renta","property_feature-terraza-cubierta","property_label-alquilado"],"property_meta":{"_wpml_word_count":["{\"total\":124,\"to_translate\":{\"en\":124,\"fi\":124}}"],"_wpml_media_duplicate":["1"],"_wpml_media_featured":["1"],"_top_nav_excluded":[""],"_cms_nav_minihome":[""],"_wp_page_template":["default"],"_last_translation_edit_mode":["native-editor"],"_wp_attachment_metadata":[""],"fave_property_price":["700 \u20ac"],"fave_property_price_postfix":["Mes"],"fave_property_bedrooms":["1"],"fave_property_bathrooms":["1"],"fave_property_size":["64"],"fave_terrace-size":["10"],"additional_features":["a:1:{i:0;a:1:{s:29:\"fave_additional_feature_value\";s:2:\"si\";}}"],"fave_additional_features_enable":["enable"],"fave_agent_display_option":["agent_info"],"fave_floor_plans_enable":["disable"],"fave_multiunit_plans_enable":["disable"],"fave_property_address":["Calle Narciso, Fuengirola, Espa\u00f1a"],"fave_property_id":["AFA375"],"fave_property_location":["36.564667652282,-4.6174276158691,14"],"fave_property_map":["1"],"fave_property_map_address":["Calle Narciso, Fuengirola, Espa\u00f1a"],"fave_property_map_street_view":["hide"],"fave_property_year":["2007"],"fave_property_zip":["29640"],"houzez_geolocation_lat":["36.564667652282"],"houzez_geolocation_long":["-4.6174276158691"],"houzez_recently_viewed":["2026-04-25 03:35:02"],"houzez_total_property_views":["4798"],"houzez_views_by_date":["a:61:{s:10:\"11-14-2025\";i:1;s:10:\"11-20-2025\";i:1;s:10:\"11-25-2025\";i:2;s:10:\"11-26-2025\";i:1;s:10:\"11-28-2025\";i:2;s:10:\"12-02-2025\";i:1;s:10:\"12-03-2025\";i:1;s:10:\"12-05-2025\";i:1;s:10:\"12-09-2025\";i:1;s:10:\"12-12-2025\";i:1;s:10:\"12-18-2025\";i:1;s:10:\"12-20-2025\";i:1;s:10:\"12-23-2025\";i:2;s:10:\"12-24-2025\";i:1;s:10:\"12-25-2025\";i:1;s:10:\"12-27-2025\";i:1;s:10:\"01-08-2026\";i:1;s:10:\"01-09-2026\";i:1;s:10:\"01-16-2026\";i:1;s:10:\"01-20-2026\";i:2;s:10:\"01-21-2026\";i:1;s:10:\"01-22-2026\";i:1;s:10:\"01-23-2026\";i:1;s:10:\"01-26-2026\";i:1;s:10:\"01-29-2026\";i:1;s:10:\"01-30-2026\";i:2;s:10:\"02-01-2026\";i:1;s:10:\"02-03-2026\";i:1;s:10:\"02-04-2026\";i:1;s:10:\"02-05-2026\";i:1;s:10:\"02-08-2026\";i:1;s:10:\"02-12-2026\";i:1;s:10:\"02-15-2026\";i:1;s:10:\"02-18-2026\";i:1;s:10:\"02-20-2026\";i:1;s:10:\"02-21-2026\";i:1;s:10:\"02-26-2026\";i:1;s:10:\"03-02-2026\";i:1;s:10:\"03-04-2026\";i:1;s:10:\"03-07-2026\";i:1;s:10:\"03-10-2026\";i:1;s:10:\"03-12-2026\";i:1;s:10:\"03-15-2026\";i:1;s:10:\"03-17-2026\";i:2;s:10:\"03-20-2026\";i:1;s:10:\"03-23-2026\";i:1;s:10:\"03-26-2026\";i:1;s:10:\"03-27-2026\";i:1;s:10:\"03-31-2026\";i:1;s:10:\"04-02-2026\";i:2;s:10:\"04-03-2026\";i:1;s:10:\"04-07-2026\";i:1;s:10:\"04-10-2026\";i:1;s:10:\"04-12-2026\";i:1;s:10:\"04-15-2026\";i:1;s:10:\"04-17-2026\";i:1;s:10:\"04-18-2026\";i:1;s:10:\"04-21-2026\";i:2;s:10:\"04-22-2026\";i:3;s:10:\"04-24-2026\";i:1;s:10:\"04-25-2026\";i:1;}"],"_edit_lock":["1709898297:4"],"_edit_last":["4"],"fave_property_images":["22059","22062","22065","22071","22074","22077","22080","22083","22086"],"houzez_manual_expire":["0"],"_houzez_expiration_date_status":["saved"],"fave_featured":["0"],"fave_single_content_area":["global"],"fave_single_top_area":["global"],"_thumbnail_id":["22074"]},"_links":{"self":[{"href":"https:\/\/iconestate.es\/es\/wp-json\/wp\/v2\/propiedades\/24155","targetHints":{"allow":["GET"]}}],"collection":[{"href":"https:\/\/iconestate.es\/es\/wp-json\/wp\/v2\/propiedades"}],"about":[{"href":"https:\/\/iconestate.es\/es\/wp-json\/wp\/v2\/types\/property"}],"author":[{"embeddable":true,"href":"https:\/\/iconestate.es\/es\/wp-json\/wp\/v2\/users\/4"}],"version-history":[{"count":0,"href":"https:\/\/iconestate.es\/es\/wp-json\/wp\/v2\/propiedades\/24155\/revisions"}],"wp:featuredmedia":[{"embeddable":true,"href":"https:\/\/iconestate.es\/es\/wp-json\/wp\/v2\/media\/22074"}],"wp:attachment":[{"href":"https:\/\/iconestate.es\/es\/wp-json\/wp\/v2\/media?parent=24155"}],"wp:term":[{"taxonomy":"property_type","embeddable":true,"href":"https:\/\/iconestate.es\/es\/wp-json\/wp\/v2\/property_type?post=24155"},{"taxonomy":"property_status","embeddable":true,"href":"https:\/\/iconestate.es\/es\/wp-json\/wp\/v2\/property_status?post=24155"},{"taxonomy":"property_feature","embeddable":true,"href":"https:\/\/iconestate.es\/es\/wp-json\/wp\/v2\/property_feature?post=24155"},{"taxonomy":"property_label","embeddable":true,"href":"https:\/\/iconestate.es\/es\/wp-json\/wp\/v2\/property_label?post=24155"},{"taxonomy":"property_area","embeddable":true,"href":"https:\/\/iconestate.es\/es\/wp-json\/wp\/v2\/property_area?post=24155"}],"curies":[{"name":"wp","href":"https:\/\/api.w.org\/{rel}","templated":true}]}}

<p>En la parte baja de Los Pacos, lindo departamento de un dormitorio con estacionamiento privado. Comunidad bien mantenida con piscina y zona verde. Este luminoso apartamento en el 3er piso consta de un salón con cocina abierta, un baño y una terraza donde poder disfrutar del sol de la tarde. Vistas urbanas y al mar. Aire acondicionado en el living.<br />
Equipamiento: vitrocerámica, frigorífico-congelador, microondas, termo eléctrico para agua caliente.</p>
<p>Alquiler: 700 € / mes + luz (agua incluida)<br />
Reserva / Fianza: 700 €</p>

<p>En la parte baja de Los Pacos, lindo departamento de un dormitorio con estacionamiento privado. Comunidad bien mantenida con piscina y zona verde. Este luminoso apartamento en el 3er piso consta de un salón con cocina abierta, un baño y una terraza donde poder disfrutar del sol de la tarde. Vistas urbanas y al mar. [&hellip;]</p>

Calle Narciso, Fuengirola, España
