{"id":29662,"date":"2021-08-12T21:37:03","date_gmt":"2021-08-12T19:37:03","guid":{"rendered":"https:\/\/www.paulinaschulz.com\/property\/apartamento-de-2-dormitorios-en-primera-linea-de-playa-de-fuengirola\/"},"modified":"2024-03-15T11:03:43","modified_gmt":"2024-03-15T10:03:43","slug":"apartamento-de-2-dormitorios-en-primera-linea-de-playa-de-fuengirola","status":"publish","type":"property","link":"https:\/\/iconestate.es\/es\/property\/apartamento-de-2-dormitorios-en-primera-linea-de-playa-de-fuengirola\/","title":{"rendered":"Apartamento de 2 dormitorios en primera l\u00ednea de playa de Fuengirola"},"content":{"rendered":"<p>Bonito apartamento en primera planta en la playa de Fuengirola con vistas abiertas al mar. Lavadero de 56m2, 2 dormitorios, 1 ba\u00f1o, peque\u00f1o sal\u00f3n con sof\u00e1-cama, cocina independiente y terraza orientada al sur. A \/ C en sal\u00f3n y dormitorio principal. Zona de aparcamiento comunitaria cerrada. No hay piscina. Junto a todas las comodidades diarias.<\/p>\n<p>Equipamiento: persianas, vitrocer\u00e1mica el\u00e9ctrica, microondas, estufa el\u00e9ctrica, menaje b\u00e1sico de cocina, ropa de cama,<\/p>\n<p>Alquiler larga temporada: 850 \u20ac + luz + agua + limpieza final<\/p>\n<p>Reserva \/ Dep\u00f3sito: 850 \u20ac<\/p>\n<p>Comisiones alquileres m\u00e1s de 6 meses: 850 \u20ac (IVA incl. 21%)<\/p>\n<p>Alquiler de comisiones de menos de 6 meses: 1\/2 mes + iva 21%<\/p>\n","protected":false},"excerpt":{"rendered":"<p>Bonito apartamento en primera planta en la playa de Fuengirola con vistas abiertas al mar. Lavadero de 56m2, 2 dormitorios, 1 ba\u00f1o, peque\u00f1o sal\u00f3n con sof\u00e1-cama, cocina independiente y terraza orientada al sur. A \/ C en sal\u00f3n y dormitorio principal. Zona de aparcamiento comunitaria cerrada. No hay piscina. Junto a todas las comodidades diarias. [&hellip;]<\/p>\n","protected":false},"author":4,"featured_media":28948,"parent":0,"menu_order":0,"template":"","property_type":[239],"property_status":[266],"property_feature":[264,244,223,235,224,382,250],"property_label":[275],"property_area":[280],"class_list":["post-29662","property","type-property","status-publish","has-post-thumbnail","hentry","property_type-apartamentos","property_status-en-renta","property_feature-a-c-frio","property_feature-aire-acondicionado","property_feature-armarios-empotrados","property_feature-ascensor","property_feature-estacionamiento","property_feature-refrigerador","property_feature-transporte-cercano","property_label-alquilado","property_area-fuengirola-es"],"property_meta":{"_wpml_word_count":["{\"total\":0,\"to_translate\":{\"en\":132,\"fi\":132,\"es\":132}}"],"_thumbnail_id":["28948"],"_top_nav_excluded":[""],"_cms_nav_minihome":[""],"fave_property_price":["850"],"fave_property_bedrooms":["2"],"fave_property_bathrooms":["2"],"fave_property_size":["65"],"fave_property_size_prefix":["m\u00b2"],"fave_additional_features_enable":["enable"],"fave_agent_display_option":["author_info"],"fave_payment_status":["no pagado"],"fave_property_address":["Paseo Mar\u00edtimo Rey de Espa\u00f1a, 8"],"fave_property_land_postfix":["m\u00b2"],"fave_property_map_address":["Paseo Mar\u00edtimo Rey de Espa\u00f1a, 8"],"fave_property_year":["1970"],"houzez_recently_viewed":["2026-05-02 02:48:06"],"houzez_total_property_views":["5015"],"houzez_views_by_date":["a:61:{s:10:\"11-13-2025\";i:1;s:10:\"11-18-2025\";i:1;s:10:\"11-21-2025\";i:1;s:10:\"11-24-2025\";i:1;s:10:\"11-27-2025\";i:1;s:10:\"11-28-2025\";i:1;s:10:\"12-02-2025\";i:1;s:10:\"12-03-2025\";i:1;s:10:\"12-07-2025\";i:1;s:10:\"12-09-2025\";i:1;s:10:\"12-14-2025\";i:1;s:10:\"12-18-2025\";i:1;s:10:\"12-19-2025\";i:1;s:10:\"12-23-2025\";i:1;s:10:\"12-24-2025\";i:1;s:10:\"12-26-2025\";i:1;s:10:\"01-09-2026\";i:1;s:10:\"01-11-2026\";i:1;s:10:\"01-16-2026\";i:1;s:10:\"01-21-2026\";i:1;s:10:\"01-22-2026\";i:1;s:10:\"01-23-2026\";i:1;s:10:\"01-25-2026\";i:1;s:10:\"01-27-2026\";i:1;s:10:\"01-30-2026\";i:1;s:10:\"01-31-2026\";i:1;s:10:\"02-04-2026\";i:1;s:10:\"02-06-2026\";i:1;s:10:\"02-13-2026\";i:1;s:10:\"02-14-2026\";i:1;s:10:\"02-15-2026\";i:1;s:10:\"02-19-2026\";i:2;s:10:\"02-21-2026\";i:2;s:10:\"02-27-2026\";i:1;s:10:\"03-02-2026\";i:1;s:10:\"03-05-2026\";i:2;s:10:\"03-11-2026\";i:1;s:10:\"03-12-2026\";i:1;s:10:\"03-16-2026\";i:1;s:10:\"03-17-2026\";i:1;s:10:\"03-18-2026\";i:1;s:10:\"03-21-2026\";i:1;s:10:\"03-23-2026\";i:1;s:10:\"03-24-2026\";i:1;s:10:\"03-26-2026\";i:1;s:10:\"03-27-2026\";i:1;s:10:\"03-31-2026\";i:1;s:10:\"04-01-2026\";i:1;s:10:\"04-02-2026\";i:1;s:10:\"04-05-2026\";i:1;s:10:\"04-08-2026\";i:1;s:10:\"04-09-2026\";i:2;s:10:\"04-10-2026\";i:1;s:10:\"04-11-2026\";i:1;s:10:\"04-15-2026\";i:3;s:10:\"04-17-2026\";i:1;s:10:\"04-19-2026\";i:1;s:10:\"04-21-2026\";i:1;s:10:\"04-25-2026\";i:1;s:10:\"04-30-2026\";i:1;s:10:\"05-02-2026\";i:1;}"],"_edit_last":["4"],"_wpml_media_featured":["0"],"_wpml_media_duplicate":["0"],"_last_translation_edit_mode":["native-editor"],"_edit_lock":["1710496890:4"],"fave_property_location":["36.5336286,-4.6239313,14"],"houzez_geolocation_lat":["36.5336286"],"houzez_geolocation_long":["-4.6239313"],"fave_property_map_street_view":["hide"],"houzez_manual_expire":["0"],"_houzez_expiration_date_status":["saved"],"fave_property_images":["28948","28957","28954","28951","28936","28939","28945","28942"],"fave_featured":["0"],"fave_single_content_area":["global"],"fave_single_top_area":["global"]},"_links":{"self":[{"href":"https:\/\/iconestate.es\/es\/wp-json\/wp\/v2\/propiedades\/29662","targetHints":{"allow":["GET"]}}],"collection":[{"href":"https:\/\/iconestate.es\/es\/wp-json\/wp\/v2\/propiedades"}],"about":[{"href":"https:\/\/iconestate.es\/es\/wp-json\/wp\/v2\/types\/property"}],"author":[{"embeddable":true,"href":"https:\/\/iconestate.es\/es\/wp-json\/wp\/v2\/users\/4"}],"version-history":[{"count":0,"href":"https:\/\/iconestate.es\/es\/wp-json\/wp\/v2\/propiedades\/29662\/revisions"}],"wp:featuredmedia":[{"embeddable":true,"href":"https:\/\/iconestate.es\/es\/wp-json\/wp\/v2\/media\/28948"}],"wp:attachment":[{"href":"https:\/\/iconestate.es\/es\/wp-json\/wp\/v2\/media?parent=29662"}],"wp:term":[{"taxonomy":"property_type","embeddable":true,"href":"https:\/\/iconestate.es\/es\/wp-json\/wp\/v2\/property_type?post=29662"},{"taxonomy":"property_status","embeddable":true,"href":"https:\/\/iconestate.es\/es\/wp-json\/wp\/v2\/property_status?post=29662"},{"taxonomy":"property_feature","embeddable":true,"href":"https:\/\/iconestate.es\/es\/wp-json\/wp\/v2\/property_feature?post=29662"},{"taxonomy":"property_label","embeddable":true,"href":"https:\/\/iconestate.es\/es\/wp-json\/wp\/v2\/property_label?post=29662"},{"taxonomy":"property_area","embeddable":true,"href":"https:\/\/iconestate.es\/es\/wp-json\/wp\/v2\/property_area?post=29662"}],"curies":[{"name":"wp","href":"https:\/\/api.w.org\/{rel}","templated":true}]}}

Apartamento de 2 dormitorios en primera línea de playa de Fuengirola

<p>Bonito apartamento en primera planta en la playa de Fuengirola con vistas abiertas al mar. Lavadero de 56m2, 2 dormitorios, 1 baño, pequeño salón con sofá-cama, cocina independiente y terraza orientada al sur. A / C en salón y dormitorio principal. Zona de aparcamiento comunitaria cerrada. No hay piscina. Junto a todas las comodidades diarias.</p>
<p>Equipamiento: persianas, vitrocerámica eléctrica, microondas, estufa eléctrica, menaje básico de cocina, ropa de cama,</p>
<p>Alquiler larga temporada: 850 € + luz + agua + limpieza final</p>
<p>Reserva / Depósito: 850 €</p>
<p>Comisiones alquileres más de 6 meses: 850 € (IVA incl. 21%)</p>
<p>Alquiler de comisiones de menos de 6 meses: 1/2 mes + iva 21%</p>

<p>Bonito apartamento en primera planta en la playa de Fuengirola con vistas abiertas al mar. Lavadero de 56m2, 2 dormitorios, 1 baño, pequeño salón con sofá-cama, cocina independiente y terraza orientada al sur. A / C en salón y dormitorio principal. Zona de aparcamiento comunitaria cerrada. No hay piscina. Junto a todas las comodidades diarias. [&hellip;]</p>

Paseo Marítimo Rey de España, 8
