{"id":34986,"date":"2023-09-13T12:38:52","date_gmt":"2023-09-13T10:38:52","guid":{"rendered":"https:\/\/www.paulinaschulz.com\/property\/excelente-apartamento-en-los-pacos-3-dormitorios\/"},"modified":"2024-02-26T13:41:08","modified_gmt":"2024-02-26T12:41:08","slug":"excelente-apartamento-en-los-pacos-3-dormitorios","status":"publish","type":"property","link":"https:\/\/iconestate.es\/es\/property\/excelente-apartamento-en-los-pacos-3-dormitorios\/","title":{"rendered":"Excelente Apartamento en Los Pacos 3 Dormitorios!"},"content":{"rendered":"<p>Cerca del centro urbano de Fuengirola y a un paso de la naturaleza. Zona tranquila pero a la vez cerca de los servicios que ofrece la zona de Los Pacos y a tan solo unos 10 minutos de la playa. La comunidad ofrece todo lo necesario para disfrutar del tiempo libre: gran piscina para ni\u00f1os y adultos, zonas ajardinadas para tomar el sol, parques infantiles, pistas de p\u00e1del, f\u00fatbol y baloncesto, \u00e1rea social para celebrar reuniones familiares o cumplea\u00f1os, por ejemplo. Tambi\u00e9n tiene sus paneles solares para obtener agua caliente de forma sostenible.<\/p>\n<p>Esta amplia vivienda se encuentra en una primera planta con ascensor y sus 118m2 se distribuyen en 3 dormitorios con armarios empotrados, 2 ba\u00f1os (uno con ba\u00f1era y otro con ducha), una cocina independiente y totalmente equipada, un luminoso sal\u00f3n comedor con acceso a la terraza. donde podr\u00e1 contemplar sus hermosas vistas a la monta\u00f1a. Doble acristalamiento, suelos de m\u00e1rmol y aire acondicionado central en toda la casa. Tambi\u00e9n dispone de dos plazas de garaje privadas y un trastero de unos 6m2 en el s\u00f3tano del edificio.<\/p>\n<p>Inmejorable ubicaci\u00f3n cerca de varios centros educativos, parques, zonas deportivas, supermercados, cafeter\u00edas, peluquer\u00edas y mucho m\u00e1s.<\/p>\n<p>No pierda esta oportunidad y reserve su cita hoy mismo.<\/p>\n","protected":false},"excerpt":{"rendered":"<p>Cerca del centro urbano de Fuengirola y a un paso de la naturaleza. Zona tranquila pero a la vez cerca de los servicios que ofrece la zona de Los Pacos y a tan solo unos 10 minutos de la playa. La comunidad ofrece todo lo necesario para disfrutar del tiempo libre: gran piscina para ni\u00f1os [&hellip;]<\/p>\n","protected":false},"author":4,"featured_media":34909,"parent":0,"menu_order":0,"template":"","property_type":[239],"property_status":[237],"property_feature":[264,221,244,391,223,235,228,222,227,224,229,307,324,369,286,304,317,226,225,250,242,233,240],"property_label":[300],"property_area":[220],"class_list":["post-34986","property","type-property","status-publish","has-post-thumbnail","hentry","property_type-apartamentos","property_status-en-venta","property_feature-a-c-frio","property_feature-acceso-desactivado","property_feature-aire-acondicionado","property_feature-alojamiento-del-personal","property_feature-armarios-empotrados","property_feature-ascensor","property_feature-bano-en-suite","property_feature-doble-acristalamiento","property_feature-dsl-wifi-es","property_feature-estacionamiento","property_feature-fibra-optica","property_feature-lavadero","property_feature-lavanderia","property_feature-microondas","property_feature-padel","property_feature-piscina","property_feature-pista-de-tenis","property_feature-terraza-cubierta","property_feature-terraza-privada","property_feature-transporte-cercano","property_feature-trastero","property_feature-urbanizacion","property_feature-wifi-es","property_label-vendido","property_area-los-pacos-es"],"property_meta":{"_wpml_media_duplicate":["0"],"_wpml_media_featured":["1"],"_top_nav_excluded":[""],"_cms_nav_minihome":[""],"_last_translation_edit_mode":["native-editor"],"fave_property_price":["VENDIDO!!"],"fave_property_bedrooms":["3"],"fave_property_bathrooms":["2"],"fave_property_size":["118"],"fave_property_size_prefix":["m\u00b2"],"fave_additional_features_enable":["enable"],"fave_agent_display_option":["agent_info"],"fave_community-fee":["128\u20ac"],"fave_energy_class":["C"],"fave_garbage":["68\u20ac"],"fave_ibi":["450\u20ac"],"fave_payment_status":["no pagado"],"fave_property_address":["Calle Comunera Mar\u00eda Pacheco, 52, Fuengirola, Espa\u00f1a"],"fave_property_garage":["2"],"fave_property_id":["Valdelecrim"],"fave_property_land":["135"],"fave_property_land_postfix":["m\u00b2"],"fave_property_location":["36.5683325,-4.6186913,14"],"fave_property_map":["1"],"fave_property_map_address":["Calle Comunera Mar\u00eda Pacheco, 52, Fuengirola, Espa\u00f1a"],"fave_property_map_street_view":["hide"],"fave_property_year":["2008"],"fave_property_zip":["29640"],"houzez_geolocation_lat":["36.5683325"],"houzez_geolocation_long":["-4.6186913"],"houzez_recently_viewed":["2026-04-25 10:29:49"],"houzez_total_property_views":["1555"],"houzez_views_by_date":["a:61:{s:10:\"12-12-2025\";i:6;s:10:\"12-14-2025\";i:1;s:10:\"12-18-2025\";i:1;s:10:\"12-20-2025\";i:1;s:10:\"12-23-2025\";i:1;s:10:\"12-24-2025\";i:2;s:10:\"12-27-2025\";i:1;s:10:\"12-28-2025\";i:1;s:10:\"01-08-2026\";i:1;s:10:\"01-09-2026\";i:1;s:10:\"01-15-2026\";i:1;s:10:\"01-20-2026\";i:1;s:10:\"01-21-2026\";i:1;s:10:\"01-22-2026\";i:1;s:10:\"01-24-2026\";i:1;s:10:\"01-27-2026\";i:1;s:10:\"01-28-2026\";i:1;s:10:\"01-29-2026\";i:1;s:10:\"02-01-2026\";i:1;s:10:\"02-03-2026\";i:1;s:10:\"02-04-2026\";i:2;s:10:\"02-05-2026\";i:1;s:10:\"02-08-2026\";i:1;s:10:\"02-12-2026\";i:1;s:10:\"02-13-2026\";i:1;s:10:\"02-14-2026\";i:2;s:10:\"02-19-2026\";i:5;s:10:\"02-20-2026\";i:1;s:10:\"02-25-2026\";i:1;s:10:\"03-02-2026\";i:1;s:10:\"03-03-2026\";i:1;s:10:\"03-05-2026\";i:2;s:10:\"03-10-2026\";i:1;s:10:\"03-12-2026\";i:1;s:10:\"03-16-2026\";i:2;s:10:\"03-17-2026\";i:1;s:10:\"03-18-2026\";i:1;s:10:\"03-19-2026\";i:1;s:10:\"03-21-2026\";i:1;s:10:\"03-23-2026\";i:1;s:10:\"03-24-2026\";i:1;s:10:\"03-25-2026\";i:1;s:10:\"03-26-2026\";i:1;s:10:\"03-27-2026\";i:1;s:10:\"03-31-2026\";i:2;s:10:\"04-02-2026\";i:1;s:10:\"04-03-2026\";i:1;s:10:\"04-05-2026\";i:4;s:10:\"04-08-2026\";i:1;s:10:\"04-09-2026\";i:1;s:10:\"04-10-2026\";i:1;s:10:\"04-11-2026\";i:1;s:10:\"04-14-2026\";i:1;s:10:\"04-15-2026\";i:1;s:10:\"04-17-2026\";i:1;s:10:\"04-20-2026\";i:1;s:10:\"04-21-2026\";i:1;s:10:\"04-22-2026\";i:1;s:10:\"04-23-2026\";i:1;s:10:\"04-24-2026\";i:1;s:10:\"04-25-2026\";i:1;}"],"_edit_lock":["1708951136:4"],"_edit_last":["4"],"houzez_manual_expire":["0"],"_houzez_expiration_date_status":["saved"],"fave_furniture":["Fully Furnished"],"fave_kitchen":["Fully Fitted"],"fave_parking":["Private","Underground"],"fave_category":["Excellent"],"fave_condition":["Excellent"],"fave_garden":["Communal"],"fave_orientation":["South West"],"fave_pool":["Communal"],"fave_setting":["Close Bus Station","Close To Schools"],"fave_view":["Panoramic"],"fave_property_images":["34909","34915","34921","34918","34924","34960","34963","34939","34948","34951","34945","34942","34957","34954","34933","34927","34936","34930","34912","34906","34903","34972","34966","34969","34978","34975"],"fave_featured":["1"],"fave_single_content_area":["global"],"fave_single_top_area":["global"],"_wpml_word_count":["{\"total\":291,\"to_translate\":{\"en\":291}}"],"_thumbnail_id":["34909"]},"_links":{"self":[{"href":"https:\/\/iconestate.es\/es\/wp-json\/wp\/v2\/propiedades\/34986","targetHints":{"allow":["GET"]}}],"collection":[{"href":"https:\/\/iconestate.es\/es\/wp-json\/wp\/v2\/propiedades"}],"about":[{"href":"https:\/\/iconestate.es\/es\/wp-json\/wp\/v2\/types\/property"}],"author":[{"embeddable":true,"href":"https:\/\/iconestate.es\/es\/wp-json\/wp\/v2\/users\/4"}],"version-history":[{"count":0,"href":"https:\/\/iconestate.es\/es\/wp-json\/wp\/v2\/propiedades\/34986\/revisions"}],"wp:featuredmedia":[{"embeddable":true,"href":"https:\/\/iconestate.es\/es\/wp-json\/wp\/v2\/media\/34909"}],"wp:attachment":[{"href":"https:\/\/iconestate.es\/es\/wp-json\/wp\/v2\/media?parent=34986"}],"wp:term":[{"taxonomy":"property_type","embeddable":true,"href":"https:\/\/iconestate.es\/es\/wp-json\/wp\/v2\/property_type?post=34986"},{"taxonomy":"property_status","embeddable":true,"href":"https:\/\/iconestate.es\/es\/wp-json\/wp\/v2\/property_status?post=34986"},{"taxonomy":"property_feature","embeddable":true,"href":"https:\/\/iconestate.es\/es\/wp-json\/wp\/v2\/property_feature?post=34986"},{"taxonomy":"property_label","embeddable":true,"href":"https:\/\/iconestate.es\/es\/wp-json\/wp\/v2\/property_label?post=34986"},{"taxonomy":"property_area","embeddable":true,"href":"https:\/\/iconestate.es\/es\/wp-json\/wp\/v2\/property_area?post=34986"}],"curies":[{"name":"wp","href":"https:\/\/api.w.org\/{rel}","templated":true}]}}

<p>Cerca del centro urbano de Fuengirola y a un paso de la naturaleza. Zona tranquila pero a la vez cerca de los servicios que ofrece la zona de Los Pacos y a tan solo unos 10 minutos de la playa. La comunidad ofrece todo lo necesario para disfrutar del tiempo libre: gran piscina para niños y adultos, zonas ajardinadas para tomar el sol, parques infantiles, pistas de pádel, fútbol y baloncesto, área social para celebrar reuniones familiares o cumpleaños, por ejemplo. También tiene sus paneles solares para obtener agua caliente de forma sostenible.</p>
<p>Esta amplia vivienda se encuentra en una primera planta con ascensor y sus 118m2 se distribuyen en 3 dormitorios con armarios empotrados, 2 baños (uno con bañera y otro con ducha), una cocina independiente y totalmente equipada, un luminoso salón comedor con acceso a la terraza. donde podrá contemplar sus hermosas vistas a la montaña. Doble acristalamiento, suelos de mármol y aire acondicionado central en toda la casa. También dispone de dos plazas de garaje privadas y un trastero de unos 6m2 en el sótano del edificio.</p>
<p>Inmejorable ubicación cerca de varios centros educativos, parques, zonas deportivas, supermercados, cafeterías, peluquerías y mucho más.</p>
<p>No pierda esta oportunidad y reserve su cita hoy mismo.</p>

<p>Cerca del centro urbano de Fuengirola y a un paso de la naturaleza. Zona tranquila pero a la vez cerca de los servicios que ofrece la zona de Los Pacos y a tan solo unos 10 minutos de la playa. La comunidad ofrece todo lo necesario para disfrutar del tiempo libre: gran piscina para niños [&hellip;]</p>

Calle Comunera María Pacheco, 52, Fuengirola, España
